 Let a be -2*d + 112/4. Let w = -12 + a. Calculate the remainder when 47 is divided by w.
11
Suppose -41*w = -403 - 5337. What is the remainder when 1535 is divided by w?
135
What is the remainder when 1/(-8*4/(-32)) + (-3072)/(-4) is divided by 86?
81
Let k(m) = 2*m**2 + 377*m + 12872. Let r(t) = -111*t**3 - t**2 - 2*t - 1. Calculate the remainder when r(-1) is divided by k(-144).
55
Let w = 3623 - 3608. Calculate the remainder when 250 is divided by w.
10
Let b = -48 - -50. Suppose 0 = 3*u - d - 126, 0 = -u + 5*d - 2*d + 34. Calculate the remainder when u is divided by b.
1
Let j(y) = 3*y + 3. Let g be j(-8). What is the remainder when 60 is divided by 178/8 - g/28?
14
Suppose -59*j = 57*j - 95*j - 624057. What is the remainder when j is divided by 234?
233
Let a(m) = m**2 + 228*m - 1641. Let v be (4 + -3)*30/2. Let d = v + -11. Calculate the remainder when d is divided by a(7).
0
Calculate the remainder when ((-18194)/(-55))/(9 - (-344)/(-40)) is divided by 119.
113
What is the remainder when 411 is divided by -4 - 5*6968/(-130)?
147
Let s(h) = 4*h**2 - 6*h**2 - 2*h**2 - 30 + 15*h + 5*h**2. Calculate the remainder when s(-22) is divided by 32.
28
Let l(p) = -79 - 9*p + 66 + 40*p**2 - 4*p. What is the remainder when l(-1) is divided by 10?
0
Suppose -50 = -3*i - 5*z, -2*i + 5*z = -262 + 162. What is the remainder when 1113 is divided by i?
3
Let w(t) = -t**2 + 5*t. Let y be w(1). Suppose 2*f - 127 = -f + a, y*a - 80 = -2*f. What is the remainder when 369 is divided by f?
33
Let n = -23268 - -23796. Calculate the remainder when n is divided by 32.
16
Let p = -169 + 304. Suppose 0 = -13*b - 2*b + p. Calculate the remainder when 17 is divided by b.
8
Let a(j) = -j**2 - 42*j - 360. Calculate the remainder when 317 is divided by a(-13).
11
Let g = 5236 + -5147. What is the remainder when 430 is divided by g?
74
Suppose -18*g - 32*g + 145 = -21*g. Let k(s) = -s + 2. Let p be k(4). What is the remainder when (-62)/(-4) - p/4 is divided by g?
1
Suppose q + 12 = -98. Let c = 17 - q. Suppose -3*h + i + 6 = -c, -47 = -h - i. Calculate the remainder when h is divided by 24.
21
Suppose -1817 + 1484 = -3*u. What is the remainder when u is divided by 2?
1
Let d = 6 - 168. Let f = 197 + d. Calculate the remainder when f is divided by 13.
9
Let z(f) = -24*f - 34. Let o be z(-10). Let s = o - -31. Calculate the remainder when s is divided by 12.
9
Let n = 444 + -176. Suppose -3*c + n = c. Let b = c - 31. What is the remainder when 143 is divided by b?
35
Suppose -16*g = g - 513 - 507. Calculate the remainder when 299 is divided by g.
59
Let g(q) = -61*q**3 + q**2 - 4*q + 4. Let h be g(1). Calculate the remainder when 26 is divided by (144/h)/((-4)/30).
8
Let k(m) = -m. Suppose 5 = 3*u - 7, 5*i + 322 = -2*u. Let g = i + 74. What is the remainder when g is divided by k(-6)?
2
Let c = 2990 + -2313. What is the remainder when c is divided by 148?
85
Let k(b) = -b**3 - 7*b**2 - 5*b + 4. Let l be k(-6). Let q = l - -11. Calculate the remainder when (-86 - -173) + (-55)/(-5) is divided by q.
8
Suppose 43*w - 288 - 314 = 0. What is the remainder when 3399 is divided by w?
11
Let j(u) = -366*u + 239. Calculate the remainder when j(-6) is divided by 111.
104
Suppose 5*w = -4*n + 121, -w - 10 = -12*n + 9*n. Let d(l) = l**2 + 6*l + 1. Let y be d(-6). What is the remainder when w is divided by (-1)/(y/(11/(-1)))?
6
Let q be (-3*40/5)/((-10)/(-20)). Let i(v) = v**3 + 48*v**2 + v + 107. What is the remainder when i(q) is divided by 12?
11
Let a(q) = 2*q + 3. Suppose 0 = h + 4*h - 3*s - 16, -5*s + 15 = 0. Let v = -108183 + 108247. Calculate the remainder when v is divided by a(h).
12
Let s = 484 + -326. Calculate the remainder when s is divided by ((-36)/(-168))/(9/294).
4
Let u(j) = 4*j + 190. Let x(k) = k**2 + 11*k + 11. Let b be x(-9). Calculate the remainder when u(b) is divided by 14.
8
Let c(i) = 4*i**2 - 7*i + 4. Let s(t) = 3*t**2 - 7*t + 3. Let m(q) = 6*c(q) - 5*s(q). Calculate the remainder when m(3) is divided by (-1)/2*-44 - -2.
21
Let y(s) = s**3 + 24*s**2 + 25*s + 49. What is the remainder when 225 is divided by y(-23)?
0
Let i(p) be the first derivative of p**4/4 + 7*p**3/3 - p**2 + 8*p - 2. What is the remainder when 10/(-60) - (-12029)/138 is divided by i(-7)?
21
Suppose -4*w = -2474*a + 2477*a - 160, -3*w = 4*a - 141. Suppose 3*u = -0*u + 282. What is the remainder when u is divided by w?
1
Suppose -20*q = -24*q + 2*c + 324, 0 = -q - 3*c + 95. Calculate the remainder when 558 is divided by q.
60
Let c be 5/(17/408 - (-3)/(-8)). What is the remainder when 25 is divided by -1*(c - (-14)/(-7))?
8
Suppose 0 = -72*m + 74*m - 180. Let l = -74 + m. Calculate the remainder when 27 is divided by l.
11
Calculate the remainder when (6214 + 1)/((-7)/112*-16) is divided by 61.
54
Suppose 0 = 3*n + o - 23 - 94, -120 = -3*n - 2*o. What is the remainder when n is divided by -5*14/(-14)*((-9)/3 + 4)?
3
Let j be 2/((-1)/738*3). Calculate the remainder when j/4*((-8)/3 - -1) is divided by 16.
13
Let q = -393 + 436. What is the remainder when 114 is divided by ((-9)/(-18))/(1/2)*q?
28
Suppose 349 = -443*c + 449*c - 227. Calculate the remainder when 4604 is divided by c.
92
Let y(g) = 3*g**2 - g + 78. Let d be (0/(12 + -5))/(0 + 2). Calculate the remainder when 233 is divided by y(d).
77
Let m(p) = p**2 + 3*p - 1. Let t(y) = y**2 + y. Let j(a) = -2*m(a) + 6*t(a). Let k = -304 - -305. Calculate the remainder when 21 is divided by j(k).
3
Let d(l) be the first derivative of 5*l**3/3 - 8*l**2 + 17*l + 239. Calculate the remainder when d(-3) is divided by 28.
26
Let b be (-5 + 1)*993*2/(-12). Suppose x = 5*l + b, 1324 = 2*x - l - 3*l. What is the remainder when x is divided by 39?
38
Suppose 7*h - 432 = 15*h. Let t = h - -69. Suppose 0*b = t*b - 120. What is the remainder when b is divided by 8?
0
Let a(w) = w**2 + 2*w - 12. Let o(m) = 2*m**2 - 8. Let g be o(6). Let p = g + -41. What is the remainder when p is divided by a(-6)?
11
Suppose -4*z - z = -80. Suppose 64*t + 480 = 32*t. What is the remainder when (-2)/(5 - t/(-6))*-95 is divided by z?
12
Calculate the remainder when 354 is divided by ((-299)/(-69) - 2*2)*(73 + -1).
18
Let g = 137 - 207. Calculate the remainder when 39 is divided by (-1)/(-4 + (-275)/g).
11
Calculate the remainder when 101 is divided by -2 + (-2)/(((-24)/(-376))/(9/(-6))).
11
Suppose 2207 = 2*u - 3*w - 1688, 2*u - 3846 = -4*w. What is the remainder when 5811 is divided by u?
0
Suppose -3*m - 109 = -409. Let j(f) = 2*f**2 + 8*f - 30. Suppose -6*b = 4*b - 40. What is the remainder when m is divided by j(b)?
32
Let h(q) = q**3 - 115*q - 96*q + 5 - 13*q**2 + 234*q + 0*q**3. What is the remainder when 83 is divided by h(11)?
3
Let v = -105 - -105. Let s(h) = -h**3 + 5*h**2 + 133. Calculate the remainder when s(v) is divided by 15.
13
Suppose 2369 = 66*f + 37*f. Calculate the remainder when 63 is divided by f.
17
Let u(i) = 134*i + 11. Let y be u(1). Let s = y - 94. Suppose 0*w = -2*w + 52. What is the remainder when s is divided by w?
25
Suppose -z = -5*z + 472. Let k be (12/4 + -4)*z/1. Let r = k - -205. Calculate the remainder when r is divided by 18.
15
Let c(w) = 22*w**2 - 1. Suppose -y + 1 = 2. Let a(s) = 6*s**2 + 49*s + 150. Calculate the remainder when a(-5) is divided by c(y).
13
Let y(q) = -q**2 + 12*q - 6. Suppose s = 2*o - 12, -25*s + 20 = -30*s. Suppose 0 = o*x - 37*x + 4686. What is the remainder when x is divided by y(5)?
26
Let s(u) = -3*u - 28. Let w be s(-11). Let r(b) = 5*b - 19. Let i be r(w). Suppose -i*c + 0*c + 72 = 0. What is the remainder when 59 is divided by c?
11
Suppose 57 = i + 45. Suppose -r = -2*l - 47, 2*r - 5*l = 3*r - i. Calculate the remainder when 118 is divided by r.
7
Let x = 304 - 283. Calculate the remainder when 22256/56 - 9/x is divided by 10.
7
Let z = 181 - 71. Suppose 2*b + 60 = z. What is the remainder when 70 is divided by b?
20
Let b be -6*(-6)/144 + (-918)/(-8). Suppose 0 = -m + y - b, 4*m + 311 = -4*y - 165. Let j = m + 130. Calculate the remainder when j is divided by 4.
1
Suppose v + 5*m = -23 + 76, -112 = -4*v + 5*m. Calculate the remainder when (16/(-10))/((-14)/560) is divided by v.
31
Let p be 15 + 5/(-5 + 0) - 0. Suppose -v = j - p, 27*v = 26*v + j + 8. Calculate the remainder when 164 is divided by 